{"id":591,"date":"2013-05-03T13:16:17","date_gmt":"2013-05-03T11:16:17","guid":{"rendered":"http:\/\/www.unicusano.it\/blog\/?page_id=591"},"modified":"2026-03-31T11:47:34","modified_gmt":"2026-03-31T09:47:34","slug":"informazioni-universita","status":"publish","type":"page","link":"https:\/\/www.unicusano.it\/blog\/informazioni-universita\/","title":{"rendered":"Richiedi informazioni"},"content":{"rendered":"<h1>Cerchi informazioni su Lauree, Master o Corsi online?<\/h1>\n<p>Benvenuto\/a su Unicusano! L&#8217;Universit\u00e0 Niccol\u00f2 Cusano \u00e8 una delle prime <strong>Universit\u00e0 Telematiche italiane<\/strong> riconosciute dal Ministero dell&#8217;Istruzione.<\/p>\n<p>Il nostro metodo didattico prevede l&#8217;erogazione dei <strong>corsi online in modalit\u00e0 e-learning<\/strong> oltre alla possibilit\u00e0 per chi desidera di seguire le lezioni in presenza, presso il <strong>campus di Roma<\/strong>.<\/p>\n<p>Con oltre 94 sedi su tutto il territorio italiano e all&#8217;estero offriamo agli studenti la possibilit\u00e0 di <strong>frequentare le lezioni da casa<\/strong> e <strong>sostenere gli esami ovunque si trovino<\/strong>.<\/p>\n\n<div class=\"wpcf7 no-js\" id=\"wpcf7-f56863-o1\" lang=\"it-IT\" dir=\"ltr\" data-wpcf7-id=\"56863\">\n<div class=\"screen-reader-response\"><p role=\"status\" aria-live=\"polite\" aria-atomic=\"true\"><\/p> <ul><\/ul><\/div>\n<form action=\"\/blog\/wp-json\/wp\/v2\/pages\/591#wpcf7-f56863-o1\" method=\"post\" class=\"wpcf7-form init\" aria-label=\"Modulo di contatto\" novalidate=\"novalidate\" data-status=\"init\">\n<fieldset class=\"hidden-fields-container\"><input type=\"hidden\" name=\"_wpcf7\" value=\"56863\" \/><input type=\"hidden\" name=\"_wpcf7_version\" value=\"6.1.2\" \/><input type=\"hidden\" name=\"_wpcf7_locale\" value=\"it_IT\" \/><input type=\"hidden\" name=\"_wpcf7_unit_tag\" value=\"wpcf7-f56863-o1\" \/><input type=\"hidden\" name=\"_wpcf7_container_post\" value=\"0\" \/><input type=\"hidden\" name=\"_wpcf7_posted_data_hash\" value=\"\" \/><input type=\"hidden\" name=\"_wpcf7_recaptcha_response\" value=\"\" \/>\n<\/fieldset>\n<div class=\"mb-2\">\n\t<p><span class=\"wpcf7-form-control-wrap\" data-name=\"nome\"><input size=\"40\" maxlength=\"400\" class=\"wpcf7-form-control wpcf7-text wpcf7-validates-as-required form-control\" aria-required=\"true\" aria-invalid=\"false\" placeholder=\"nome*\" value=\"\" type=\"text\" name=\"nome\" \/><\/span>\n\t<\/p>\n<\/div>\n<div class=\"mb-2\">\n\t<p><span class=\"wpcf7-form-control-wrap\" data-name=\"cognome\"><input size=\"40\" maxlength=\"400\" class=\"wpcf7-form-control wpcf7-text wpcf7-validates-as-required form-control\" aria-required=\"true\" aria-invalid=\"false\" placeholder=\"cognome*\" value=\"\" type=\"text\" name=\"cognome\" \/><\/span>\n\t<\/p>\n<\/div>\n<div class=\"mb-2\">\n\t<p><span class=\"wpcf7-form-control-wrap\" data-name=\"telefono\"><input size=\"40\" maxlength=\"400\" class=\"wpcf7-form-control wpcf7-text wpcf7-validates-as-required form-control\" aria-required=\"true\" aria-invalid=\"false\" placeholder=\"telefono*\" value=\"\" type=\"text\" name=\"telefono\" \/><\/span>\n\t<\/p>\n<\/div>\n<div class=\"mb-2\">\n\t<p><span class=\"wpcf7-form-control-wrap\" data-name=\"email\"><input size=\"40\" maxlength=\"400\" class=\"wpcf7-form-control wpcf7-email wpcf7-validates-as-required wpcf7-text wpcf7-validates-as-email form-control\" aria-required=\"true\" aria-invalid=\"false\" placeholder=\"e-mail*\" value=\"\" type=\"email\" name=\"email\" \/><\/span>\n\t<\/p>\n<\/div>\n<div class=\"mb-2\">\n\t<p><span class=\"wpcf7-form-control-wrap\" data-name=\"provincia\"><select class=\"wpcf7-form-control wpcf7-select wpcf7-validates-as-required form-control\" aria-required=\"true\" aria-invalid=\"false\" name=\"provincia\"><option value=\"\">PROVINCIA*<\/option><option value=\"Agrigento\">Agrigento<\/option><option value=\"Alessandria\">Alessandria<\/option><option value=\"Ancona\">Ancona<\/option><option value=\"Arezzo\">Arezzo<\/option><option value=\"Ascoli Piceno\">Ascoli Piceno<\/option><option value=\"Asti\">Asti<\/option><option value=\"Avellino\">Avellino<\/option><option value=\"Bari\">Bari<\/option><option value=\"Barletta-Andria-Trani\">Barletta-Andria-Trani<\/option><option value=\"Belluno\">Belluno<\/option><option value=\"Benevento\">Benevento<\/option><option value=\"Bergamo\">Bergamo<\/option><option value=\"Biella\">Biella<\/option><option value=\"Bologna\">Bologna<\/option><option value=\"Bolzano\/Bozen\">Bolzano\/Bozen<\/option><option value=\"Brescia\">Brescia<\/option><option value=\"Brindisi\">Brindisi<\/option><option value=\"Cagliari\">Cagliari<\/option><option value=\"Caltanissetta\">Caltanissetta<\/option><option value=\"Campobasso\">Campobasso<\/option><option value=\"Caserta\">Caserta<\/option><option value=\"Catania\">Catania<\/option><option value=\"Catanzaro\">Catanzaro<\/option><option value=\"Chieti\">Chieti<\/option><option value=\"Como\">Como<\/option><option value=\"Cosenza\">Cosenza<\/option><option value=\"Cremona\">Cremona<\/option><option value=\"Crotone\">Crotone<\/option><option value=\"Cuneo\">Cuneo<\/option><option value=\"Enna\">Enna<\/option><option value=\"Fermo\">Fermo<\/option><option value=\"Ferrara\">Ferrara<\/option><option value=\"Firenze\">Firenze<\/option><option value=\"Foggia\">Foggia<\/option><option value=\"Forl\u00ec-Cesena\">Forl\u00ec-Cesena<\/option><option value=\"Frosinone\">Frosinone<\/option><option value=\"Genova\">Genova<\/option><option value=\"Gorizia\">Gorizia<\/option><option value=\"Grosseto\">Grosseto<\/option><option value=\"Imperia\">Imperia<\/option><option value=\"Isernia\">Isernia<\/option><option value=\"La Spezia\">La Spezia<\/option><option value=\"L&#039;Aquila\">L&#039;Aquila<\/option><option value=\"Latina\">Latina<\/option><option value=\"Lecce\">Lecce<\/option><option value=\"Lecco\">Lecco<\/option><option value=\"Livorno\">Livorno<\/option><option value=\"Lodi\">Lodi<\/option><option value=\"Lucca\">Lucca<\/option><option value=\"Macerata\">Macerata<\/option><option value=\"Mantova\">Mantova<\/option><option value=\"Massa e Carrara\">Massa e Carrara<\/option><option value=\"Matera\">Matera<\/option><option value=\"Messina\">Messina<\/option><option value=\"Milano\">Milano<\/option><option value=\"Modena\">Modena<\/option><option value=\"Monza e Brianza\">Monza e Brianza<\/option><option value=\"Napoli\">Napoli<\/option><option value=\"Novara\">Novara<\/option><option value=\"Nuoro\">Nuoro<\/option><option value=\"Oristano\">Oristano<\/option><option value=\"Padova\">Padova<\/option><option value=\"Palermo\">Palermo<\/option><option value=\"Parma\">Parma<\/option><option value=\"Pavia\">Pavia<\/option><option value=\"Perugia\">Perugia<\/option><option value=\"Pesaro e Urbino\">Pesaro e Urbino<\/option><option value=\"Pescara\">Pescara<\/option><option value=\"Piacenza\">Piacenza<\/option><option value=\"Pisa\">Pisa<\/option><option value=\"Pistoia\">Pistoia<\/option><option value=\"Pordenone\">Pordenone<\/option><option value=\"Potenza\">Potenza<\/option><option value=\"Prato\">Prato<\/option><option value=\"Ragusa\">Ragusa<\/option><option value=\"Ravenna\">Ravenna<\/option><option value=\"Reggio Calabria\">Reggio Calabria<\/option><option value=\"Reggio Emilia\">Reggio Emilia<\/option><option value=\"Rieti\">Rieti<\/option><option value=\"Rimini\">Rimini<\/option><option value=\"Roma Capitale\">Roma Capitale<\/option><option value=\"Rovigo\">Rovigo<\/option><option value=\"Salerno\">Salerno<\/option><option value=\"Sassari\">Sassari<\/option><option value=\"Savona\">Savona<\/option><option value=\"Siena\">Siena<\/option><option value=\"Siracusa\">Siracusa<\/option><option value=\"Sondrio\">Sondrio<\/option><option value=\"Sud Sardegna\">Sud Sardegna<\/option><option value=\"Taranto\">Taranto<\/option><option value=\"Teramo\">Teramo<\/option><option value=\"Terni\">Terni<\/option><option value=\"Torino\">Torino<\/option><option value=\"Trapani\">Trapani<\/option><option value=\"Trento\">Trento<\/option><option value=\"Treviso\">Treviso<\/option><option value=\"Trieste\">Trieste<\/option><option value=\"Udine\">Udine<\/option><option value=\"Valle d&#039;Aosta\">Valle d&#039;Aosta<\/option><option value=\"Varese\">Varese<\/option><option value=\"Venezia\">Venezia<\/option><option value=\"Verbano Cusio Ossola\">Verbano Cusio Ossola<\/option><option value=\"Vercelli\">Vercelli<\/option><option value=\"Verona\">Verona<\/option><option value=\"Vibo Valentia\">Vibo Valentia<\/option><option value=\"Vicenza\">Vicenza<\/option><option value=\"Viterbo\">Viterbo<\/option><\/select><\/span>\n\t<\/p>\n<\/div>\n<div class=\"mb-4\">\n\t<p><span class=\"wpcf7-form-control-wrap\" data-name=\"facolta\"><select class=\"wpcf7-form-control wpcf7-select wpcf7-validates-as-required form-control\" aria-required=\"true\" aria-invalid=\"false\" name=\"facolta\"><option value=\"\">Seleziona un Corso*<\/option><option value=\"Economia Aziendale e Management (Laurea Triennale L-18)\">Economia Aziendale e Management (Laurea Triennale L-18)<\/option><option value=\"Scienze Economiche (Laurea Magistrale LM-56)\">Scienze Economiche (Laurea Magistrale LM-56)<\/option><option value=\"Giurisprudenza (LMG\/01)\">Giurisprudenza (LMG\/01)<\/option><option value=\"Scienze Politiche e relazioni internazionali (Laurea Triennale L-36)\">Scienze Politiche e relazioni internazionali (Laurea Triennale L-36)<\/option><option value=\"Relazioni Internazionali (Laurea Magistrale LM-52)\">Relazioni Internazionali (Laurea Magistrale LM-52)<\/option><option value=\"Scienze dell&#039;Educazione e della Formazione - Educatore Servizi per l\u2019infanzia (Laurea Triennale L-19)\">Scienze dell&#039;Educazione e della Formazione - Educatore Servizi per l\u2019infanzia (Laurea Triennale L-19)<\/option><option value=\"Scienze dell&#039;Educazione e della Formazione - Educatore Psico-Educativo e Sociale (Laurea Triennale L-19)\">Scienze dell&#039;Educazione e della Formazione - Educatore Psico-Educativo e Sociale (Laurea Triennale L-19)<\/option><option value=\"Scienze Pedagogiche - esperto e coordinatore dei Servizi educativi territoriali (Laurea Magistrale LM-85)\">Scienze Pedagogiche - esperto e coordinatore dei Servizi educativi territoriali (Laurea Magistrale LM-85)<\/option><option value=\"Scienze Pedagogiche - eperto e coordinatore dei Servizi educativi per infanzia (Laurea Magistrale LM-85)\">Scienze Pedagogiche - eperto e coordinatore dei Servizi educativi per infanzia (Laurea Magistrale LM-85)<\/option><option value=\"Ingegneria Civile - strutture (Laurea Triennale L-7)\">Ingegneria Civile - strutture (Laurea Triennale L-7)<\/option><option value=\"Ingegneria Civile - edilizia (Laurea Triennale L-7)\">Ingegneria Civile - edilizia (Laurea Triennale L-7)<\/option><option value=\"Ingegneria Civile - ambiente e sostenibilit\u00e0 (Laurea Triennale L-7)\">Ingegneria Civile - ambiente e sostenibilit\u00e0 (Laurea Triennale L-7)<\/option><option value=\"Ingegneria Civile (Laurea Magistrale LM-23)\">Ingegneria Civile (Laurea Magistrale LM-23)<\/option><option value=\"Ingegneria Ind. Biomedica (Laurea Triennale L-9)\">Ingegneria Ind. Biomedica (Laurea Triennale L-9)<\/option><option value=\"Ingegneria Ind. Gestionale (Laurea Triennale L-9)\">Ingegneria Ind. Gestionale (Laurea Triennale L-9)<\/option><option value=\"Ingegneria Ind. Agroindustriale (Laurea Triennale L-9)\">Ingegneria Ind. Agroindustriale (Laurea Triennale L-9)<\/option><option value=\"Ingegneria Ind. Meccanica (Laurea Triennale L-9)\">Ingegneria Ind. Meccanica (Laurea Triennale L-9)<\/option><option value=\"Ingegneria Ind. Elettronica (Laurea Triennale L-9)\">Ingegneria Ind. Elettronica (Laurea Triennale L-9)<\/option><option value=\"Ingegneria Meccanica - progettazione (Laurea Magistrale LM-33)\">Ingegneria Meccanica - progettazione (Laurea Magistrale LM-33)<\/option><option value=\"Ingegneria Meccanica - produzione e gestione (Laurea Magistrale LM-33)\">Ingegneria Meccanica - produzione e gestione (Laurea Magistrale LM-33)<\/option><option value=\"Ingegneria Meccanica - automotive (Laurea Magistrale LM-33)\">Ingegneria Meccanica - automotive (Laurea Magistrale LM-33)<\/option><option value=\"Ingegneria Elettronica (Laurea Magistrale LM-29)\">Ingegneria Elettronica (Laurea Magistrale LM-29)<\/option><option value=\"Ingegneria Gestionale (Laurea Magistrale LM-31)\">Ingegneria Gestionale (Laurea Magistrale LM-31)<\/option><option value=\"Ingegneria Informatica (Laurea Triennale L-8)\">Ingegneria Informatica (Laurea Triennale L-8)<\/option><option value=\"Ingegneria Informatica - elettronica e telecomunicazioni (Laurea Triennale L-8)\">Ingegneria Informatica - elettronica e telecomunicazioni (Laurea Triennale L-8)<\/option><option value=\"Ingegneria Informatica (Laurea Magistrale LM-32)\">Ingegneria Informatica (Laurea Magistrale LM-32)<\/option><option value=\"Scienze e Tecniche Psicologiche (Laurea Triennale L-24)\">Scienze e Tecniche Psicologiche (Laurea Triennale L-24)<\/option><option value=\"Psicologia clinica e della riabilitazione (Laurea Magistrale LM-51)\">Psicologia clinica e della riabilitazione (Laurea Magistrale LM-51)<\/option><option value=\"Psicologia del lavoro e delle organizzazioni (Laurea Magistrale LM-51)\">Psicologia del lavoro e delle organizzazioni (Laurea Magistrale LM-51)<\/option><option value=\"Psicologia dello sviluppo tipico e atipico (Laurea Magistrale LM-51)\">Psicologia dello sviluppo tipico e atipico (Laurea Magistrale LM-51)<\/option><option value=\"Sociologia (Laurea Triennale L-40)\">Sociologia (Laurea Triennale L-40)<\/option><option value=\"Sociologia (Laurea Magistrale LM-88)\">Sociologia (Laurea Magistrale LM-88)<\/option><option value=\"Scienze della Comunicazione - industria dei giochi e gamification (Laurea Triennale L-20)\">Scienze della Comunicazione - industria dei giochi e gamification (Laurea Triennale L-20)<\/option><option value=\"Scienze della Comunicazione - imprese e istituzioni (Laurea Triennale L-20)\">Scienze della Comunicazione - imprese e istituzioni (Laurea Triennale L-20)<\/option><option value=\"Comunicazione Digitale - games industry management and creative direction (Laurea Magistrale LM-19)\">Comunicazione Digitale - games industry management and creative direction (Laurea Magistrale LM-19)<\/option><option value=\"Comunicazione Digitale - cultural and social media (Laurea Magistrale LM-19)\">Comunicazione Digitale - cultural and social media (Laurea Magistrale LM-19)<\/option><option value=\"Lettere (Laurea Triennale L-10)\">Lettere (Laurea Triennale L-10)<\/option><option value=\"Lettere (Laurea Magistrale LM-14)\">Lettere (Laurea Magistrale LM-14)<\/option><option value=\"Filosofia (Laurea Triennale L-05)\">Filosofia (Laurea Triennale L-05)<\/option><option value=\"Filosofia (Laurea Magistrale LM-78)\">Filosofia (Laurea Magistrale LM-78)<\/option><option value=\"Scienze Motorie (Laurea Triennale L-22)\">Scienze Motorie (Laurea Triennale L-22)<\/option><option value=\"Scienza e Tecnica dello Sport (Laurea Magistrale LM-68)\">Scienza e Tecnica dello Sport (Laurea Magistrale LM-68)<\/option><\/select><\/span>\n\t<\/p>\n<\/div>\n<div class=\"mb-2\">\n\t<div class=\"form-input tx-14\">\n\t\t<p><span class=\"wpcf7-form-control-wrap\" data-name=\"acceptance-885\"><span class=\"wpcf7-form-control wpcf7-acceptance\"><span class=\"wpcf7-list-item\"><label><input type=\"checkbox\" name=\"acceptance-885\" value=\"1\" class=\"cl-bright\" aria-invalid=\"false\" \/><span class=\"wpcf7-list-item-label\">Accetto l'Informativa sulla Privacy Obbligatoria<\/span><\/label><\/span><\/span><\/span>\n\t\t<\/p>\n\t<\/div>\n<\/div>\n<div class=\"mb-2\">\n\t<div class=\"form-input\">\n\t\t<p><a href=\"https:\/\/www.unicusano.it\/wp-content\/uploads\/Documenti\/privacy\/privacy_unicusano.pdf\" target=\"_blank\"  >Leggi la privacy obbligatoria<\/a>\n\t\t<\/p>\n\t<\/div>\n<\/div>\n<div class=\"mb-4\">\n\t<p class=\"cl-bright tx-14 mb-4\">Si autorizza il trattamento dei dati inseriti PER LE FINALIT\u00c0 INDICATE AL PUNTO 4 DELL'INFORMATIVA sopra indicata, ai sensi del REGOLAMENTO UE 2016\/679 E del decreto legislativo 196\/2003\n\t<\/p>\n\t<div class=\"form-input trattamento\" style\"color:#fff !important;\">\n\t\t<p><span class=\"wpcf7-form-control-wrap\" data-name=\"trattamento\"><span class=\"wpcf7-form-control wpcf7-radio\"><span class=\"wpcf7-list-item first\"><input type=\"radio\" name=\"trattamento\" value=\"Autorizzo\" \/><span class=\"wpcf7-list-item-label\">Autorizzo<\/span><\/span><span class=\"wpcf7-list-item last\"><input type=\"radio\" name=\"trattamento\" value=\"Non autorizzo\" \/><span class=\"wpcf7-list-item-label\">Non autorizzo<\/span><\/span><\/span><\/span>\n\t\t<\/p>\n\t<\/div>\n<\/div>\n<div class=\"mb-2\">\n\t<p><input class=\"wpcf7-form-control wpcf7-submit has-spinner btn btn-bright btn-send is-rounded w-100\" type=\"submit\" value=\"Invia\" \/>\n\t<\/p>\n<\/div><div class=\"wpcf7-response-output\" aria-hidden=\"true\"><\/div>\n<\/form>\n<\/div>\n\n","protected":false},"excerpt":{"rendered":"<p>Cerchi informazioni su Lauree, Master o Corsi online? Benvenuto\/a...","protected":false},"author":1,"featured_media":0,"parent":0,"menu_order":0,"comment_status":"open","ping_status":"open","template":"","meta":{"_acf_changed":false,"footnotes":""},"class_list":["post-591","page","type-page","status-publish","hentry"],"acf":[],"yoast_head":"<!-- This site is optimized with the Yoast SEO plugin v26.1.1 - https:\/\/yoast.com\/wordpress\/plugins\/seo\/ -->\n<title>Richiedi informazioni sui corsi di Laurea, Master e Corsi<\/title>\n<meta name=\"description\" content=\"Corsi di Laurea in presenza e online, Master e corsi di perfezionamento. Ricevi informazioni sull&#039;offerta didattica dell&#039;Universit\u00e0 Unicusano.\" \/>\n<meta name=\"robots\" content=\"index, follow, max-snippet:-1, max-image-preview:large, max-video-preview:-1\" \/>\n<link rel=\"canonical\" href=\"https:\/\/www.unicusano.it\/blog\/informazioni-universita\/\" \/>\n<meta property=\"og:locale\" content=\"it_IT\" \/>\n<meta property=\"og:type\" content=\"article\" \/>\n<meta property=\"og:title\" content=\"Richiedi informazioni sui corsi di Laurea, Master e Corsi\" \/>\n<meta property=\"og:description\" content=\"Corsi di Laurea in presenza e online, Master e corsi di perfezionamento. Ricevi informazioni sull&#039;offerta didattica dell&#039;Universit\u00e0 Unicusano.\" \/>\n<meta property=\"og:url\" content=\"https:\/\/www.unicusano.it\/blog\/informazioni-universita\/\" \/>\n<meta property=\"og:site_name\" content=\"Blog dell&#039;Universit\u00e0 Niccol\u00f2 Cusano\" \/>\n<meta property=\"article:publisher\" content=\"https:\/\/www.facebook.com\/universita.unicusano\/\" \/>\n<meta property=\"article:modified_time\" content=\"2026-03-31T09:47:34+00:00\" \/>\n<meta name=\"twitter:card\" content=\"summary_large_image\" \/>\n<meta name=\"twitter:site\" content=\"@unicusano\" \/>\n<meta name=\"twitter:label1\" content=\"Tempo di lettura stimato\" \/>\n\t<meta name=\"twitter:data1\" content=\"1 minuto\" \/>\n<script type=\"application\/ld+json\" class=\"yoast-schema-graph\">{\"@context\":\"https:\/\/schema.org\",\"@graph\":[{\"@type\":\"WebPage\",\"@id\":\"https:\/\/www.unicusano.it\/blog\/informazioni-universita\/\",\"url\":\"https:\/\/www.unicusano.it\/blog\/informazioni-universita\/\",\"name\":\"Richiedi informazioni sui corsi di Laurea, Master e Corsi\",\"isPartOf\":{\"@id\":\"https:\/\/www.unicusano.it\/blog\/#website\"},\"datePublished\":\"2013-05-03T11:16:17+00:00\",\"dateModified\":\"2026-03-31T09:47:34+00:00\",\"description\":\"Corsi di Laurea in presenza e online, Master e corsi di perfezionamento. Ricevi informazioni sull'offerta didattica dell'Universit\u00e0 Unicusano.\",\"breadcrumb\":{\"@id\":\"https:\/\/www.unicusano.it\/blog\/informazioni-universita\/#breadcrumb\"},\"inLanguage\":\"it-IT\",\"potentialAction\":[{\"@type\":\"ReadAction\",\"target\":[\"https:\/\/www.unicusano.it\/blog\/informazioni-universita\/\"]}]},{\"@type\":\"BreadcrumbList\",\"@id\":\"https:\/\/www.unicusano.it\/blog\/informazioni-universita\/#breadcrumb\",\"itemListElement\":[{\"@type\":\"ListItem\",\"position\":1,\"name\":\"Home\",\"item\":\"https:\/\/www.unicusano.it\/blog\/\"},{\"@type\":\"ListItem\",\"position\":2,\"name\":\"Richiedi informazioni\"}]},{\"@type\":\"WebSite\",\"@id\":\"https:\/\/www.unicusano.it\/blog\/#website\",\"url\":\"https:\/\/www.unicusano.it\/blog\/\",\"name\":\"Blog dell&#039;Universit\u00e0 Niccol\u00f2 Cusano\",\"description\":\"\",\"publisher\":{\"@id\":\"https:\/\/www.unicusano.it\/blog\/#organization\"},\"potentialAction\":[{\"@type\":\"SearchAction\",\"target\":{\"@type\":\"EntryPoint\",\"urlTemplate\":\"https:\/\/www.unicusano.it\/blog\/?s={search_term_string}\"},\"query-input\":{\"@type\":\"PropertyValueSpecification\",\"valueRequired\":true,\"valueName\":\"search_term_string\"}}],\"inLanguage\":\"it-IT\"},{\"@type\":\"Organization\",\"@id\":\"https:\/\/www.unicusano.it\/blog\/#organization\",\"name\":\"Universit\u00e0 Niccol\u00f2 Cusano\",\"url\":\"https:\/\/www.unicusano.it\/blog\/\",\"logo\":{\"@type\":\"ImageObject\",\"inLanguage\":\"it-IT\",\"@id\":\"https:\/\/www.unicusano.it\/blog\/#\/schema\/logo\/image\/\",\"url\":\"https:\/\/www.unicusano.it\/blog\/wp-content\/uploads\/2017\/04\/logo-blog-unicusano.png\",\"contentUrl\":\"https:\/\/www.unicusano.it\/blog\/wp-content\/uploads\/2017\/04\/logo-blog-unicusano.png\",\"width\":218,\"height\":130,\"caption\":\"Universit\u00e0 Niccol\u00f2 Cusano\"},\"image\":{\"@id\":\"https:\/\/www.unicusano.it\/blog\/#\/schema\/logo\/image\/\"},\"sameAs\":[\"https:\/\/www.facebook.com\/universita.unicusano\/\",\"https:\/\/x.com\/unicusano\",\"https:\/\/www.instagram.com\/unicusano\/\",\"https:\/\/www.linkedin.com\/school\/2539786\",\"https:\/\/www.pinterest.com\/unicusano\/\",\"https:\/\/www.youtube.com\/user\/younicusano\"]}]}<\/script>\n<!-- \/ Yoast SEO plugin. -->","yoast_head_json":{"title":"Richiedi informazioni sui corsi di Laurea, Master e Corsi","description":"Corsi di Laurea in presenza e online, Master e corsi di perfezionamento. Ricevi informazioni sull'offerta didattica dell'Universit\u00e0 Unicusano.","robots":{"index":"index","follow":"follow","max-snippet":"max-snippet:-1","max-image-preview":"max-image-preview:large","max-video-preview":"max-video-preview:-1"},"canonical":"https:\/\/www.unicusano.it\/blog\/informazioni-universita\/","og_locale":"it_IT","og_type":"article","og_title":"Richiedi informazioni sui corsi di Laurea, Master e Corsi","og_description":"Corsi di Laurea in presenza e online, Master e corsi di perfezionamento. Ricevi informazioni sull'offerta didattica dell'Universit\u00e0 Unicusano.","og_url":"https:\/\/www.unicusano.it\/blog\/informazioni-universita\/","og_site_name":"Blog dell&#039;Universit\u00e0 Niccol\u00f2 Cusano","article_publisher":"https:\/\/www.facebook.com\/universita.unicusano\/","article_modified_time":"2026-03-31T09:47:34+00:00","twitter_card":"summary_large_image","twitter_site":"@unicusano","twitter_misc":{"Tempo di lettura stimato":"1 minuto"},"schema":{"@context":"https:\/\/schema.org","@graph":[{"@type":"WebPage","@id":"https:\/\/www.unicusano.it\/blog\/informazioni-universita\/","url":"https:\/\/www.unicusano.it\/blog\/informazioni-universita\/","name":"Richiedi informazioni sui corsi di Laurea, Master e Corsi","isPartOf":{"@id":"https:\/\/www.unicusano.it\/blog\/#website"},"datePublished":"2013-05-03T11:16:17+00:00","dateModified":"2026-03-31T09:47:34+00:00","description":"Corsi di Laurea in presenza e online, Master e corsi di perfezionamento. Ricevi informazioni sull'offerta didattica dell'Universit\u00e0 Unicusano.","breadcrumb":{"@id":"https:\/\/www.unicusano.it\/blog\/informazioni-universita\/#breadcrumb"},"inLanguage":"it-IT","potentialAction":[{"@type":"ReadAction","target":["https:\/\/www.unicusano.it\/blog\/informazioni-universita\/"]}]},{"@type":"BreadcrumbList","@id":"https:\/\/www.unicusano.it\/blog\/informazioni-universita\/#breadcrumb","itemListElement":[{"@type":"ListItem","position":1,"name":"Home","item":"https:\/\/www.unicusano.it\/blog\/"},{"@type":"ListItem","position":2,"name":"Richiedi informazioni"}]},{"@type":"WebSite","@id":"https:\/\/www.unicusano.it\/blog\/#website","url":"https:\/\/www.unicusano.it\/blog\/","name":"Blog dell&#039;Universit\u00e0 Niccol\u00f2 Cusano","description":"","publisher":{"@id":"https:\/\/www.unicusano.it\/blog\/#organization"},"potentialAction":[{"@type":"SearchAction","target":{"@type":"EntryPoint","urlTemplate":"https:\/\/www.unicusano.it\/blog\/?s={search_term_string}"},"query-input":{"@type":"PropertyValueSpecification","valueRequired":true,"valueName":"search_term_string"}}],"inLanguage":"it-IT"},{"@type":"Organization","@id":"https:\/\/www.unicusano.it\/blog\/#organization","name":"Universit\u00e0 Niccol\u00f2 Cusano","url":"https:\/\/www.unicusano.it\/blog\/","logo":{"@type":"ImageObject","inLanguage":"it-IT","@id":"https:\/\/www.unicusano.it\/blog\/#\/schema\/logo\/image\/","url":"https:\/\/www.unicusano.it\/blog\/wp-content\/uploads\/2017\/04\/logo-blog-unicusano.png","contentUrl":"https:\/\/www.unicusano.it\/blog\/wp-content\/uploads\/2017\/04\/logo-blog-unicusano.png","width":218,"height":130,"caption":"Universit\u00e0 Niccol\u00f2 Cusano"},"image":{"@id":"https:\/\/www.unicusano.it\/blog\/#\/schema\/logo\/image\/"},"sameAs":["https:\/\/www.facebook.com\/universita.unicusano\/","https:\/\/x.com\/unicusano","https:\/\/www.instagram.com\/unicusano\/","https:\/\/www.linkedin.com\/school\/2539786","https:\/\/www.pinterest.com\/unicusano\/","https:\/\/www.youtube.com\/user\/younicusano"]}]}},"_links":{"self":[{"href":"https:\/\/www.unicusano.it\/blog\/wp-json\/wp\/v2\/pages\/591","targetHints":{"allow":["GET"]}}],"collection":[{"href":"https:\/\/www.unicusano.it\/blog\/wp-json\/wp\/v2\/pages"}],"about":[{"href":"https:\/\/www.unicusano.it\/blog\/wp-json\/wp\/v2\/types\/page"}],"author":[{"embeddable":true,"href":"https:\/\/www.unicusano.it\/blog\/wp-json\/wp\/v2\/users\/1"}],"replies":[{"embeddable":true,"href":"https:\/\/www.unicusano.it\/blog\/wp-json\/wp\/v2\/comments?post=591"}],"version-history":[{"count":3,"href":"https:\/\/www.unicusano.it\/blog\/wp-json\/wp\/v2\/pages\/591\/revisions"}],"predecessor-version":[{"id":61822,"href":"https:\/\/www.unicusano.it\/blog\/wp-json\/wp\/v2\/pages\/591\/revisions\/61822"}],"wp:attachment":[{"href":"https:\/\/www.unicusano.it\/blog\/wp-json\/wp\/v2\/media?parent=591"}],"curies":[{"name":"wp","href":"https:\/\/api.w.org\/{rel}","templated":true}]}}